 Calculate the greatest common factor of f and m.
37
Let b be (-20)/(-16) - 1/4. Let g = -670 + 689. Let m = g - 17. Calculate the greatest common factor of m and b.
1
Let a be 37*((-128)/(-832) + 323/13). Calculate the greatest common factor of a and 50.
25
Suppose 35 = 4*p + 3*k, 2*p + 2*k + 1 - 19 = 0. Let z be 29 - 2/p*16. Calculate the greatest common factor of z and 135.
5
Let w(j) = j**3 + 14*j**2 - 33*j - 16. Let u be w(-16). Suppose 5*x - 13*x + 24 = u. Calculate the greatest common factor of 48 and x.
3
Let y = -4998 + 5038. What is the greatest common divisor of y and 175?
5
Let k = -78 + 279. Suppose j - 124 = -5*c, -4*j - 3*c + 448 + 82 = 0. Calculate the highest common factor of k and j.
67
Let r be -455*((-7 - 0) + 6). Calculate the highest common factor of 26 and r.
13
Let q(o) = 6*o + 18. Let h be q(0). Let n = -271 + 441. Suppose 0*k + 3*k + 75 = 2*d, -5*d + 4*k + n = 0. Calculate the highest common divisor of h and d.
6
Let o(r) be the second derivative of -r**3/6 + 5*r**2 + 19*r. Let t be o(6). Suppose 0*w + 1008 = t*w. Calculate the greatest common factor of 28 and w.
28
Suppose 0 = -2*k + 1315 + 95. Let q be (6 + -3 - (29 - 28)) + 13. Calculate the greatest common factor of q and k.
15
Let f(x) = -x**3 + 9*x**2 - 9*x + 11. Let z be f(8). Let c be (-1 + -6)*z/(-1). Suppose -u = 25 - 32. Calculate the highest common divisor of c and u.
7
Suppose 2*n - 3*n = 3*u - 3643, 5*u = 5*n + 6105. Suppose 34*b + 4*b - u = 0. Calculate the highest common divisor of 2 and b.
2
Let j(x) = 5*x**3 - 2*x**2 - 42*x - 120. Let y be j(10). What is the greatest common factor of 10 and y?
10
Let d(j) = -2*j**2 - 25*j - 10. Let s be d(-10). Let o = s + -38. Let a = o + 58. Calculate the highest common divisor of 15 and a.
15
Let l be 117/(-26)*496/(-6). Let r = 431 - l. Calculate the highest common divisor of 177 and r.
59
Let o(j) = 5*j + 42. Let b be o(-8). Let v be (-480)/(-84)*(9/b - 1). Let l be (4/(-8))/(2/(-560)). Calculate the greatest common factor of l and v.
20
Let y = 5186 - 4703. Calculate the highest common divisor of 231 and y.
21
Suppose -10920 = 268*g - 289*g. Calculate the highest common factor of g and 104.
104
Suppose 0 = -5*v - 5*g + 215, 2*g + 3 = -g. Suppose 0 = 20*j - j - 38. Let s be (-796)/(-6) - (-1)/((-3)/j). What is the greatest common divisor of s and v?
44
Let l(x) = 26*x + 105. Let d be l(0). What is the highest common divisor of d and 9072?
21
Suppose 3*s - o = 19623, 2*o = -15*s + 3*o + 98103. What is the highest common divisor of s and 12?
12
Let y = -165 - -101. Let g = y + 54. Let t(n) = -n**2 - 12*n - 16. Let v be t(g). Calculate the greatest common divisor of 4 and v.
4
Let z = 6387 + -493. Calculate the highest common divisor of 28 and z.
14
Let u(b) = -b + 29. Let z be u(23). Let i be 8/(-28) - (-1014)/21. What is the highest common factor of z and i?
6
Suppose 32*t - 30*t = 10. Suppose n + 3 + 3 = -3*d, -t*n = 5*d. Suppose n*j - 69 = -3*i, -i = 4*i - j - 85. What is the highest common factor of i and 18?
18
Suppose -54*s + 94*s + 3720 = 50*s. What is the highest common divisor of 288 and s?
12
Suppose -2*r + 78 = 86, 2*l + r = 36. Calculate the greatest common factor of 65 and l.
5
Suppose -4*w - 13*s + 9*s = -56, -25 = 5*s. What is the highest common divisor of w and 589?
19
Suppose -50*r - 1702 = -53*r - 5*v, -r + 569 = 2*v. Calculate the highest common divisor of r and 13.
13
Suppose 3*m + 20*k = 17*k + 39, 4*m - 24 = 3*k. Suppose -3*l + 4*l = 0. Suppose -15*x + m*x + 42 = l. What is the greatest common factor of x and 7?
7
Let v(u) = -u**3 - 2*u**2 - 5*u - 3. Let f be v(-3). Let t(d) = -3*d**2 + d - 40. Let p be t(8). Let w = p - -455. What is the highest common factor of w and f?
21
Suppose -17*q - 1728 = -35*q. Let z be (-30)/12*6/5. Let j be 3 + z/1 - -12. What is the highest common factor of j and q?
12
Suppose -11*s + 54 = -8*s. Suppose s*q - 70 = 8*q. Suppose -q*f = 32 - 88. What is the highest common factor of 152 and f?
8
Let k(o) = -o**2 + o - 49. Let p(z) = -z**2 + z - 25. Let x(c) = 3*k(c) - 5*p(c). Let f be x(14). Calculate the highest common divisor of 36 and f.
18
Let t be (-25)/(-20) + 417/12. Suppose b - t = -2*b + 4*f, -5*f - 36 = -3*b. Calculate the greatest common factor of b and 20.
4
Let l be ((-5)/(-2 - -3))/((-42)/(-1050)). Let s = 195 - l. What is the highest common factor of 40 and s?
40
Let q = 465 + -290. Let m = q - 171. Calculate the greatest common factor of m and 68.
4
Suppose 0 = 145*m - 148*m + 315. Suppose 0 = 14*g - 21*g + m. What is the greatest common factor of g and 55?
5
Let v be (2870/8)/(6/24). Calculate the highest common divisor of 2255 and v.
205
Let z = -10 + 36. Suppose -4*i - 2*w + 1310 = 0, i + 2*w + 27 - 347 = 0. Suppose -122 + i = 8*a. Calculate the greatest common factor of a and z.
26
Let y be 3 + 0 - (0 + -124) - 0. Suppose -y = -16*l + 4913. Calculate the greatest common factor of 35 and l.
35
Suppose -2*u - 11 = -4*r - 35, u + 3*r + 3 = 0. Suppose y + 2 = 0, -u*y + 5*y = 3*d - 1519. Calculate the greatest common factor of 39 and d.
39
Suppose 4*y + 328 - 340 = 0. Suppose w = -2*a + 63, 95 = y*a + 2*w - w. What is the highest common divisor of a and 24?
8
Let a be (0 + 1)*45/3. Let v(o) = -o**3 + 23*o**2 - 71*o - 83. Let w be v(19). Let r be ((-10)/a)/((w/45)/(-4)). What is the greatest common factor of r and 40?
10
Let o(f) = 2*f + 13. Let v be o(-5). Let d(z) = -22*z + 40*z - v - 16*z + 26. Let h be d(-6). Calculate the greatest common factor of h and 44.
11
Let u = 35438 + -34148. What is the highest common divisor of 300 and u?
30
Suppose -j - 104 = -3*h - 0*j, 3*j = -5*h + 178. Let c = h - 33. Let r = c - -6. Calculate the highest common divisor of r and 64.
8
Let u be 2/(-6)*1 - 20920/(-30). Let s = -670 + u. What is the greatest common factor of s and 54?
27
Let c(k) = -358*k + 444. Let r be c(1). What is the greatest common divisor of r and 16?
2
Suppose -5*c = 0, -1 = 2*w - 2*c - 3. Let i = -276033 + 276038. What is the greatest common factor of i and w?
1
Suppose -84 + 14 = -14*n. Suppose 514 = 3*o - 2*g, -n*g - 684 = -4*o - 3*g. What is the greatest common divisor of 20 and o?
10
Let g be ((-2)/(-3))/((-2)/(-36)). Let l(a) = -a**2 + 1097*a + 5522. Let r be l(-5). What is the highest common divisor of g and r?
12
Let n(x) = -2*x + 14. Let l be n(4). Suppose 0 = -2*s + 26 - l. Calculate the greatest common factor of s and 290.
10
Suppose 226*o = 222*o + 296. Calculate the greatest common factor of o and 1887.
37
Suppose 3141 = 31*p - 18683. Let t = p - 700. Calculate the greatest common divisor of 76 and t.
4
Let y be -6*(-15)/25 - (-12)/30. Suppose 0 = -2*z - 2*m + 3*m + 19, y*m = 4*z - 40. What is the highest common divisor of z and 6?
3
Let p(t) = 2*t**2 - 9*t - 13. Let n be p(7). Suppose -2*k = -k - 198. What is the highest common divisor of n and k?
22
Let o = 5166 - 5121. What is the greatest common divisor of 495 and o?
45
Suppose -3*r = -942 + 87. Let u = 355 - r. What is the greatest common divisor of 50 and u?
10
Let c = -120 + -23. Let s be (-39)/c - (-21545)/55. Calculate the greatest common divisor of 8 and s.
8
Let v = -23 + -32. Let m = v - -69. Let j = 166 + -40. Calculate the greatest common divisor of j and m.
14
Suppose 5*o - 128 = -3*a, -3*o - 87 = -2*a - 6*o. Suppose 3033 + 445 = -94*w. Let f = w + a. Calculate the highest common divisor of f and 126.
14
Suppose 92 = 4*t - 20. Let l be 3476/55 + -5*9/225. What is the highest common divisor of t and l?
7
Let y = 141 - 326. Let v = -169 - y. Calculate the highest common divisor of v and 112.
16
Let t = 14779 - 14246. Calculate the greatest common divisor of t and 1312.
41
Let c = -377 - -717. What is the highest common factor of 80 and c?
20
Suppose d - 265 = -y + 180, 2*y - 4*d = 860. What is the highest common factor of y and 9460?
220
Let h be ((-6)/8)/(((-9108)/(-9152))/(-69)). Suppose -5*w - 5*b + 635 = 0, -136 = -w - 2*b + 4*b. Calculate the greatest common divisor of h and w.
26
Suppose -123 = 3*u + 3*m, 17 = -m + 12. Let a(t) = -t**3 - 36*t**2 + 4*t + 184. Let z be a(u). Calculate the highest common divisor of 65 and z.
5
Let v be 1/(6*(-13)/(-35178)). Calculate the highest common divisor of v and 11.
11
Let x = 855 - 825. Suppose -2*b + 2*w + 50 = -46, -5*w